me factors of n?
2, 89
Let a be (-32)/(-18) - 2/(-9). Suppose -2*o - 8 = a*o. List the prime factors of (1 - 2)/(o/34).
17
Let t(m) = -m**2 + 4*m + 83. List the prime factors of t(0).
83
Suppose 2*u = 2*h - h - 9, 3*u = -3*h. What are the prime factors of h?
3
Suppose -5*k = -881 - 154. What are the prime factors of k?
3, 23
Let r(p) be the first derivative of -p**4/4 + 4*p**3/3 - p**2/2 + 2*p + 2. Suppose -3*x - c = -11, 5*x - 2*c - 3*c + 15 = 0. List the prime factors of r(x).
2
What are the prime factors of 1/(1*3/105)?
5, 7
Let q = 60 - 5. What are the prime factors of q?
5, 11
Suppose 10 = p - 4*a, -4*p + 2*a = 3 - 1. Let d(l) = l**3 - 7*l**2 + 2*l - 4. Let k be d(7). Let g = p + k. List the prime factors of g.
2
Suppose -4*p - t = 4*t - 277, -5*p - 2*t + 325 = 0. Let c = p + -36. List the prime factors of c.
3
Suppose -5*a - d = -500, a + 6*d - 10*d = 79. What are the prime factors of a?
3, 11
Suppose -3*j = -j + 70. Let l = j - -49. What are the prime factors of l?
2, 7
Suppose 2*j = -2*j - 4*n + 284, 5*n = 4*j - 293. What are the prime factors of j?
2, 3
What are the prime factors of ((-8)/(-12))/(2/24)?
2
Let m = 19 - 12. What are the prime factors of m?
7
What are the prime factors of (-1386)/(-33)*(1 - 0)*1?
2, 3, 7
Let s(y) = 11*y**3 + 7*y**2 + 4*y - 12. Let x(k) = -7*k**3 - 5*k**2 - 3*k + 8. Let b(w) = 5*s(w) + 8*x(w). What are the prime factors of b(-4)?
2
Let j(r) = -r**2 + 9*r + 2. Suppose 3*y + 3*l = 33, 4*l + 10 = 2*y - 0*l. List the prime factors of j(y).
2
Let j be ((-15)/(-9))/(1/9). Suppose -2*q - 1 - j = 0. Let p = -5 - q. List the prime factors of p.
3
Suppose -2*y = -y - 25. What are the prime factors of y?
5
Let z = 11 - 6. Let q = 10 - -1. Let i = q - z. What are the prime factors of i?
2, 3
Suppose 3*r + z + z = -8, 0 = -3*r + 3*z + 12. Suppose -3*d - 16 + 136 = r. What are the prime factors of d/4*1/2?
5
List the prime factors of 212/(6*2/18).
2, 3, 53
Let u(w) = -w - 7. Let q(g) = g - 12. Let i be q(7). Let x be u(i). Let l(a) = a**2 - a + 1. What are the prime factors of l(x)?
7
Suppose 3*x - 27 + 0 = 0. Let c = 13 + x. What are the prime factors of c?
2, 11
Let k(r) = -4*r**2 + 6*r - 6. Let q(s) = -3*s**2 + 6*s - 6. Let u be (-2)/11 + 155/(-55). Let h(d) = u*q(d) + 2*k(d). What are the prime factors of h(7)?
13
Suppose 0 = -b - 3*a - 5, b - 3*a - 16 = a. What are the prime factors of -11*4*b/(-16)?
11
Suppose -2*h = -4*i - 14, 0 = 2*h + h - 4*i - 19. Suppose -15 + h = -2*r, 2*s - 4*r = 14. List the prime factors of s.
17
Suppose -3*v + 263 = 17. What are the prime factors of v?
2, 41
Let q(h) = h - 3. Let z be q(2). Let s(j) = -20*j + 1. List the prime factors of s(z).
3, 7
Let u(z) = 33*z + 1. Suppose -4 = -i - 3. Let k be u(i). Let p = k + -20. What are the prime factors of p?
2, 7
Let o = 6 - 4. Suppose -3*m = -o*z - 23, -3*m = -0*m + z - 20. What are the prime factors of m?
7
Suppose 4*p - 2*s = 1032, 3*s = -4*p - 0*s + 1042. List the prime factors of p.
7, 37
Suppose d + 5 = -16. Let i = 53 + d. List the prime factors of i.
2
Let x be (-4)/6 + (-708)/(-9). Suppose 0 = 4*w + 2*b + x, 3*w + 17 = -3*b - 37. Let y = -11 - w. List the prime factors of y.
2, 5
Suppose -3*h = 0, -2*r = -5*r + 3*h + 108. What are the prime factors of r?
2, 3
Let x(q) = 10*q - 3. Let c be x(2). Suppose 10 = 3*f - c. List the prime factors of f.
3
Suppose -6*w + 33 = -9. List the prime factors of w.
7
Suppose 7*r - 9*r - 4 = 0. What are the prime factors of (-46)/(-4) + (-1)/r?
2, 3
Suppose -3*j - j + 4 = 2*b, -3*j + 16 = -5*b. Suppose 60 = -j*t + 7*t. What are the prime factors of t?
2, 3
Let r = -1 + 25. List the prime factors of (12/(-4))/(-6)*r.
2, 3
Suppose 4*f + 24 = p - 15, p = -2*f + 9. Suppose -5*l - h + 27 = 4, 0 = -4*l - h + p. Suppose z - 2 = l. What are the prime factors of z?
2, 3
Let k(f) = f**3 - 4*f**2 + 4*f - 7. Let w be k(3). List the prime factors of w - (-99)/(-3)*-1.
29
Suppose 5*q - 94 - 26 = 0. List the prime factors of q.
2, 3
Let y = -9 - -16. Let a(c) = 4*c - 5. What are the prime factors of a(y)?
23
Let h = 10 + -14. Let j = 12 + h. List the prime factors of j.
2
Suppose 0 = 2*q - q + 4*l - 15, -q + 3*l = 6. Suppose -q*p + p + 10 = 0. Suppose -27 = -p*u + 2*u. What are the prime factors of u?
3
Suppose 5 = 2*y - 1. Let t be (-6)/4 + y/(-2). List the prime factors of t/(2 + 14/(-6)).
3
Let j = 366 + -257. Let x = 155 - j. What are the prime factors of x?
2, 23
Let s = 1 - -3. Let g(f) = 7*f**2 + 1. Let u be g(-2). Suppose -s = 5*t - u. List the prime factors of t.
5
Suppose 198 = 3*t + 3*l, -4*t - 2*l = -0*t - 270. List the prime factors of t.
3, 23
Let j(p) = -p**3 - 6*p**2 - 10*p - 6. Suppose 3*h - h + 8 = -n, 8 = 2*h + 5*n. What are the prime factors of j(h)?
2, 3
Suppose 16*m = 11*m + 245. List the prime factors of m.
7
Suppose -4*s + 2*s + 592 = 0. What are the prime factors of s/24 - (-2)/3?
13
Let q(y) = y**2 + 15*y + 17. Let u be q(-13). What are the prime factors of (u/(-3) - -2)*7?
5, 7
Let b(n) = n**3 - 5*n**2 - 7*n + 9. Let f be b(6). Let v = 2 + -1. Suppose 2*u = f + v. List the prime factors of u.
2
Let j = -8 + 12. Suppose j*c - 2*c - 2*t = 72, -5*c + 174 = -2*t. List the prime factors of c.
2, 17
Let m(i) be the third derivative of i**6/120 - 3*i**5/20 + i**4/24 + i**2. List the prime factors of m(9).
3
What are the prime factors of 7/(6/(-9) - -1)?
3, 7
Let m be (-16 + 6)/(2/6). Let f = 51 + m. What are the prime factors of f?
3, 7
Suppose 4*z + 40 = -2*j, 3*j + 6 + 42 = -5*z. Let w = 21 + z. What are the prime factors of w?
3
Suppose 16 = -3*y - y. List the prime factors of (-66)/y + (-3)/(-6).
17
Suppose -24 = -n - 20. What are the prime factors of n?
2
Suppose -2*o + 0*o = -6, 3*f + 5*o = 393. List the prime factors of f.
2, 3, 7
What are the prime factors of (-3 - 2*(-6 + 4))*101?
101
Let a = 18 + -8. What are the prime factors of a?
2, 5
Suppose 3*f - 32 = f. Let n be 3 + -3 - (2 - -2). Let u = n + f. What are the prime factors of u?
2, 3
Suppose 30 = -l + 2*l. What are the prime factors of l?
2, 3, 5
Let h(w) = -w**2 + 9*w. What are the prime factors of h(8)?
2
Let r(u) = u**3 - 6*u**2 + 3*u - 3. Let p be r(6). Suppose 0 + p = l - 2*q, -l + 3*q + 10 = 0. List the prime factors of l.
5
Let r(u) = u**2 + 7*u + 7. Let v be r(-6). Let j(c) = -c**2 - 6*c + 9. Let t be j(-7). Suppose -n = -v - t. List the prime factors of n.
3
Suppose 3*y = 15, -3*y + 9 = z - 6. Suppose 2*p + 8 - 18 = z. What are the prime factors of p?
5
Let a(x) = -29*x + 5. Let n(s) = 43*s - 8. Let h(g) = 8*a(g) + 5*n(g). Let t(c) = -26*c. Let v(y) = -8*h(y) + 5*t(y). List the prime factors of v(1).
2, 3
Let p(y) = y - 2. Let w be p(8). Let b = 16 - w. What are the prime factors of b?
2, 5
Let j be 0 + -1 + 0 + 1. Suppose 4*g + 48 = -j*g. List the prime factors of ((-12)/2)/(9/g).
2
Suppose 0 = t - 2*t - 5*s + 23, -3*t = -4*s - 50. What are the prime factors of t/(-5)*(-45)/6?
3
Let x(c) = 10*c**2 - 1. Suppose -2*w = -w + 2*r - 4, 0 = 2*w - 3*r + 13. What are the prime factors of x(w)?
3, 13
Suppose 24 = -2*d + 3*o, 110 = -5*d - o - 4*o. What are the prime factors of (1 - d) + (-2)/1?
17
List the prime factors of 1/((-354)/(-117) - 3).
3, 13
Let a = 8 + -4. Let u(y) = -y**3 + 6*y**2 - 3*y - 3. List the prime factors of u(a).
17
Let o = -1 - -3. Suppose 4*z = 3*s - 54, -o*z - 9 - 11 = -s. Suppose -y + s = -2*f, 2*y + f + 1 = 9. What are the prime factors of y?
2, 3
Suppose -y + 404 = 4*c, c = y - 0*c - 384. What are the prime factors of y?
2, 97
Suppose -u + 6 = 2. Let s = 6 - 2. Suppose 4*w - f - 44 = 2*f, -s*f + 16 = u*w. List the prime factors of w.
2
Let b(u) = u**2 + 3*u - 3. Let j = -4 + 4. Suppose 3*d + a - 9 = 0, -3 = -a - j. What are the prime factors of b(d)?
7
Suppose 2*h - 44 = 28. List the prime factors of h.
2, 3
Suppose -5*s + 2*s = 4*q - 20, -4*s = -5*q - 37. Let c(t) = -t**2 + 10*t - 7. List the prime factors of c(s).
3
Suppose x = 4*c - 863, 4*c + 3*x - 869 = -2*x. What are the prime factors of c?
2, 3
Suppose 5*z - 56 = -4*j + 166, 5*j = -5*z + 225. Suppose -10 = 2*s - z. List the prime factors of s.
2
Let i = -29 + 37. Suppose -3*v - 207 = -4*x - i*v, 177 = 4*x - 5*v. What are the prime factors of x?
2, 3
Suppose 2*h - 1360 = -14*h. What are the prime factors of h?
5, 17
Let m be -1 + (-12)/(-9)*5